r) - o(r). Suppose 2*v = -6 - 0. Let b = v + 5. Calculate c(b).
6
Let r = -503 - -303. Let t be 2/(-9) + r/72. Let i(f) = -f**2 + f + 1. Determine i(t).
-11
Let s = 9 + -5. Suppose 4*q = -7*w + 2*w + 23, 2*q = -4*w + 16. Let a(u) = -s*u**2 - 4 + 3*u**3 - 4*u**w + 0*u**2. Calculate a(-4).
-4
Let m(c) be the second derivative of -c**4/12 + c**3/3 - 3*c**2/2 - c. Suppose 5*o - 5*a - 25 = 0, 2*o + o - a = 11. Calculate m(o).
-6
Suppose 2*r - 2*v - 12 = -7*v, 4*r - 10 = -3*v. Suppose 8 = 4*o + 3*y, -4*o + 19 = -o - y. Let p(z) = -2*z - r + o*z + 5*z. Calculate p(1).
7
Suppose -5*v - 8 = -18. Suppose -v = 3*r + 7. Let s(k) = -k**3 - 3*k**2 + 2*k + 3. Determine s(r).
-3
Let z(q) = q**2 - 7*q + 7. Let a(w) = -w**3 + 2*w**2 + w. Let p be a(2). Let n be (p/(-6))/(2/(-6)). Let v be 5 + 0/(n - 4). What is z(v)?
-3
Let h(l) be the third derivative of l**5/60 + l**4/4 + l**3/6 + 3*l**2. Give h(-4).
-7
Let x(u) = -5*u**2 + 2*u + 3. Let k be x(-1). Let p(j) = j**3 + 5*j**2 + 4*j + 3. Calculate p(k).
3
Let x(h) = 2 - 2*h - 2*h**2 + 2*h**3 + 1 - 6 + 2. Suppose 3*r - 3*c = 0, -5*r - c + 32 = 2*c. Suppose -r*t = -0*t + 4. Calculate x(t).
-3
Let i(v) = -4 + 2 - 21*v + 18*v + 1. Let m(q) = -8*q - 3. Let z(u) = 7*i(u) - 2*m(u). Give z(-1).
4
Let f(z) = 2*z + 7. Let y(j) = -j - 1. Let s(c) = f(c) + 3*y(c). Determine s(10).
-6
Let x = -6 - -10. Suppose 0 = x*v - 2*p - 6, -3*v - 5*p - 26 = -2*v. Let t(n) = 1 - 10*n + 2*n - 2. Determine t(v).
7
Suppose 0*w - h = -2*w + 2, -3*h - 6 = 0. Let t = w - -2. Let y(k) = k - k**2 - k - 3 + t*k. Give y(3).
-6
Let d(r) be the third derivative of 0*r + 1/2*r**3 + 0 - 1/8*r**4 + 6*r**2 - 1/30*r**5. What is d(-3)?
-6
Let h(w) be the first derivative of 3/2*w**2 + 1 + 4*w - 1/3*w**3. Determine h(5).
-6
Suppose 4*h = h + 3. Let j = -1 - -4. Let v(r) = 0*r + 1 + r**j - r**2 - 2 + 0*r. Calculate v(h).
-1
Suppose -4*v + 2*b = -0*b - 18, 0 = b + 3. Let h be ((-2)/6)/(1/v). Let d(g) = -7*g + 1. Determine d(h).
8
Let k(f) be the second derivative of -5*f**3/6 + f**2/2 + 5*f. Let g(v) = -14*v + 2. Let n(m) = 6*g(m) - 17*k(m). Calculate n(-5).
-10
Suppose 4*z - 6 = 2*w + w, w - 5 = -z. Let f(o) = -3 + o - o**w + 4*o**2 - 2*o**2. Let x be 18/(-4)*(-4)/(-6). Determine f(x).
3
Let j(q) = 2*q. Let k be j(1). Suppose -4*h = -5*u + h, -k*u - 5*h + 14 = 0. Let y(s) be the first derivative of 2*s**2 - 2. What is y(u)?
8
Let x(p) = -p + 12. Let k(z) = -z + 11. Let o(n) = 3*k(n) - 2*x(n). Give o(0).
9
Let a(x) = 7*x**3 + 12*x**2 + 4*x + 3. Let j(q) = -q**3 - q**2 - 1. Let t(s) = a(s) + 6*j(s). What is t(-4)?
13
Let a(f) be the first derivative of f**3/3 + 3*f**2 - 6*f + 1. Let n = -69 + 63. Determine a(n).
-6
Let o(f) = -8*f**2 - 2*f - 1. Let j(d) = d**2 + 5*d + 2. Let u be j(-5). Let p be 0 + u + -1*3. What is o(p)?
-7
Suppose -n - 4*n = 0. Let s(v) be the second derivative of -v + 1/2*v**2 + 0*v**3 + n + 2/5*v**5 - 1/12*v**4. Give s(-1).
-8
Let z(d) = -d**3 + 6*d**2 - 4*d - 3. Let q be z(5). Let b(k) = k + 1. Calculate b(q).
3
Let v(y) be the second derivative of -y**5/20 - y**4/3 - y**2 - y. Suppose -2*j - 2*h - 10 = 0, -4*j + 3*h = h + 32. Let g = j - -3. Determine v(g).
-2
Let n be 52/20 - (-4)/10. Let o(s) = -n*s + 4*s + 3 + 3*s - 5*s. Determine o(6).
-3
Let b(m) = -2*m**3 + 14*m**2 + 3*m + 11. Let s(d) = 3*d**3 - 21*d**2 - 5*d - 17. Let l(o) = 8*b(o) + 5*s(o). Determine l(7).
-4
Let f be (-2)/(-3)*(1 - -8). Let x(s) = -7*s**2 + 12*s - 11. Let j(i) = -4*i**2 + 6*i - 5. Let u(r) = 5*j(r) - 3*x(r). Determine u(f).
8
Let z(g) be the second derivative of g**3/6 - 7*g**2/2 - 22*g. Calculate z(5).
-2
Let p(k) be the second derivative of k**3/6 - 7*k**2/2 - 8*k. Suppose -6*f = -4*f - 10. Calculate p(f).
-2
Let j(c) = 1 - 8*c**3 - 3 + c**2 + 1 + c. Let n(u) = u**3 + 8*u**2 - 8*u + 13. Let k be n(-9). Suppose 0 = -k*g + 4*q + 16, 4*g - q = -3*q - 2. Give j(g).
-7
Suppose 3 = 3*r + 12. Let g(m) = -9*m**2 + 17*m - 3. Let z(c) = -11*c + 2 + 5*c**2 + 0 + 2*c. Let u(x) = 6*g(x) + 11*z(x). Give u(r).
4
Suppose 4*r = -4, -4*r - 2 = -f + 3. Let w be f*(-1)/((-2)/4). Suppose -i - 1 = -2*o + w, 0 = 5*i - 5*o + 10. Let a(g) = 5*g - 1. Give a(i).
-6
Let u be 1*-1 - (-2 - -1). Let b(g) be the second derivative of -g**6/720 + g**5/60 + g**4/12 + 2*g. Let o(t) be the third derivative of b(t). What is o(u)?
2
Let d(c) = -4*c**2 - 4*c - 2. Let o(x) = 3*x**2 + 4*x + 2. Let t(y) = -2*d(y) - 3*o(y). Let z(q) be the first derivative of t(q). Calculate z(3).
-10
Let v(m) = m**3 - 6*m**2 - 9*m + 9. Let j be (1 - 2)/(2/(-14)). Give v(j).
-5
Let c(v) = 43*v + v**2 - 41*v + v**2. Calculate c(2).
12
Let z(d) = d + 2. Let n be z(4). Let g(s) = -3 + 5 - 4*s**2 + s**3 - n*s + 5. Give g(5).
2
Let t(k) = -k**3 - k**2 - 2*k + 1. Suppose 16 = -p + 5*p, -5*m = -3*p + 22. Give t(m).
9
Let c be (-15)/(-6)*(-24)/(-20). Let z(x) = -6*x - c - 1 + 4*x + 3 + x**3 + 2*x**2. Calculate z(-3).
-4
Let w(k) = k - 1. Let r be (-38)/(-10) + (-2)/(-10). Suppose 2*y + 3*y = -4*h + 29, h = 4*y - 19. Suppose 5*c + 0*i = i - 2, 0 = -y*c + r*i - 8. Calculate w(c).
-1
Let c(i) = -i - 3. Let z be c(16). Let l = z - -24. Let y(h) = -4 + 3 - 4 + h. What is y(l)?
0
Let d be ((-4)/6)/((-4)/66). Let s = d + -14. Let f(o) = -o - 7. Determine f(s).
-4
Let k(m) = 3*m**3 - 8*m**2 + 2*m + 6. Let a(c) = -c**3 + c**2 - 1. Let g(u) = 4*a(u) + k(u). What is g(-4)?
-6
Let m be (-15)/(-3)*(-1 + 0). Let v(y) = -y**2 - 2*y + 7. Give v(m).
-8
Let u(x) = 5*x**3 + 1. Suppose 4*v + 8 = -3*m, -2 = v + 4*m + m. Let o = -3 - -2. Let k = v - o. Give u(k).
-4
Suppose -5*q = 2*w, q = 2*w - 4*q. Let z(m) = m**2 + w*m + 0*m. Calculate z(2).
4
Let m(v) be the first derivative of v**3/3 + v**2 + v + 1. Calculate m(-2).
1
Let r(c) be the second derivative of c**5/20 - c**4/3 + c**3/6 + c**2 + 36*c. Give r(2).
-4
Let r(x) = x**2 + 3*x + 2. Suppose -3*k + 10 + 8 = 0. Let p be 2/k*-4*3. Determine r(p).
6
Let z = -219/2 + 110. Let r(n) be the first derivative of -z*n**2 - 3 + 7*n. What is r(5)?
2
Let i = -130 + 141. Let p(w) = -w**3 + 10*w**2 + 12*w - 4. Determine p(i).
7
Let d(c) = c + 4. Suppose g + 3*w = -2*w + 25, 2*g + 4*w - 20 = 0. Give d(g).
4
Let i(j) = -j**2 + 10*j + 11. Let f = -145 + 156. Give i(f).
0
Suppose -5*g + 27 + 8 = 0. Let b(s) = s**3 - 8*s**2 + 8*s - 2. Let y be b(g). Let c(x) = -2*x**3 + 1 - 6*x**2 + 5*x + 3*x**3 + 2. Determine c(y).
3
Suppose -7*w = -2*w - 25. Let i(g) be the second derivative of -g**2 + 0 - 3*g + g**3 - 1/12*g**4. Determine i(w).
3
Let g(r) = -r**2 - 5*r + 3. Suppose 38*z - 34*z + 16 = 0. Calculate g(z).
7
Let u be 20/(-9) - 16/(-72). Let d(c) = 3*c + 3. Let p(q) = 2*q - 2. Let l(t) = 3*t - 3. Let w(i) = 3*l(i) - 5*p(i). Let z(v) = u*w(v) - d(v). Determine z(-6).
1
Let g(j) = j + 1. Let l be -2 - (0 + (0 - 2)). Let p(o) = -o + 3. Let x be p(l). Give g(x).
4
Let u be 0 - (27/(-6) - (-3)/6). Let l(v) be the first derivative of -1 + 1/2*v**u + v**2 + v + v**3. Calculate l(-2).
-7
Suppose 0 = 3*y - d - 8, d + 4 = y - 2. Let o(t) = 7*t + 1. What is o(y)?
8
Let p(g) be the third derivative of -g**5/60 + g**4/24 - 2*g**3/3 - 2*g**2. Let u = 10 + -4. Let o be ((-4)/6)/(u/(-27)). Calculate p(o).
-10
Let g = -16 - -10. Let h be -3 - 3*16/g. Suppose -4*s = 0, 2*x - 3*x - h*s = 0. Let n(t) = t**2 - t + 2. Determine n(x).
2
Let u be (4/(-3) - -1)*3. Let o be 28/(-1 + -3)*u. Let h(r) = -r + 3. Give h(o).
-4
Let h(x) = x**2 + 2*x + 3. Let j(r) = -r. Let f be j(0). Suppose -2*k + 3*k = f. Let d = k + -3. Give h(d).
6
Let j(a) = -8 - 3*a**2 + 10*a**2 + 7*a - 2*a**2 - 4*a**2. Calculate j(-7).
-8
Let o(s) = s**3 - 3*s**2 - 4*s + 6. Suppose y = -3*y + 192. Let i = y - 29. Suppose 5*f - k - 7 = 12, 3*k = -4*f + i. Give o(f).
6
Let f(t) be the second derivative of -t**4 - t**2/2 - 6*t. What is f(-1)?
-13
Let o = 54 - 98. Let u be o/8 - 1/2. Let t(p) = -p**2 - 4*p + 6. Give t(u).
-6
Let k(h) be the first derivative of h**4/4 - 5*h**3/3 + h**2/2 + 3*h - 2. Determine k(4).
-9
Let u(x) be the second derivative of -x**5/20 + 2*x**4/3 - 5*x**3/3 + x**2/2 + 9*x. What is u(7)?
-20
Let u(n) = 11*n. Let j = 36 - 58. Let p = -21 - j. What is u(p)?
11
Let g(y) = -2*y - 5. Let h be (3 - -2)*(-1)/1. What is g(h)?
5
Let a = -4 + 3. Let o(r) = -8*r**3 + 14 - 4*r - 24 + 9 - r**2 + 3*r. Determine o(a).
7
Let f be 6*4/6 - -1. Let q(k) = k**2 - 